 composite number?
True
Is 18933391 a composite number?
False
Is 16855169 composite?
True
Is 6901957 prime?
True
Is 700303 a composite number?
False
Is 39758123 a prime number?
True
Is 79585949 prime?
True
Is 1098047 composite?
True
Is 93167 a composite number?
True
Is 13093651 a composite number?
False
Is 11981 a composite number?
False
Is 11479649 a composite number?
False
Is 13052537 prime?
True
Is 245884319 prime?
False
Is 3096757 composite?
False
Is 469579883 composite?
False
Is 8429677 prime?
False
Is 683977 a composite number?
True
Is 4362429 a composite number?
True
Is 29898515 prime?
False
Is 3561917 prime?
False
Is 10066457 a composite number?
True
Is 2083253 prime?
False
Is 34446283 a composite number?
True
Is 45359549 prime?
False
Is 3365003 a composite number?
False
Is 1606409 composite?
True
Is 12132151 a composite number?
False
Is 705547 a composite number?
True
Is 30152767 a composite number?
False
Is 1263329 prime?
False
Is 80931647 prime?
False
Is 2808667 a prime number?
True
Is 540713 composite?
False
Is 3153683 composite?
True
Is 97700849 a prime number?
False
Is 78430369 a composite number?
False
Is 3768449 composite?
True
Is 3814163 a composite number?
True
Is 1994119 a prime number?
True
Is 48173549 a prime number?
False
Is 11823919 prime?
False
Is 4045763 a composite number?
False
Is 11005013 a prime number?
True
Is 57964921 a composite number?
True
Is 1861237 prime?
False
Is 6267119 prime?
True
Is 57809981 a composite number?
False
Is 6133799 a prime number?
False
Is 2277653 prime?
False
Is 394333 composite?
True
Is 69287993 a prime number?
True
Is 333086959 composite?
True
Is 164967527 a composite number?
True
Is 106531717 prime?
False
Is 21629281 a prime number?
True
Is 19445359 prime?
True
Is 93286195 a prime number?
False
Is 4599977 composite?
True
Is 17328961 prime?
False
Is 4943486 prime?
False
Is 9324833 composite?
True
Is 175669139 composite?
False
Is 17216981 a composite number?
True
Is 1367489 a prime number?
False
Is 469135 a composite number?
True
Is 96917453 composite?
True
Is 21160301 prime?
True
Is 2329609 a composite number?
True
Is 114795281 composite?
False
Is 1054936555 prime?
False
Is 7167011 a composite number?
True
Is 353325827 a prime number?
True
Is 183924967 composite?
False
Is 45209305 prime?
False
Is 95597 a prime number?
True
Is 2343901 a composite number?
True
Is 6876131 prime?
True
Is 8241847 a composite number?
False
Is 11050769 a composite number?
True
Is 703253 a prime number?
False
Is 63277 a prime number?
True
Is 1686823 a prime number?
True
Is 14902199 a composite number?
True
Is 188803313 a prime number?
False
Is 211145293 composite?
False
Is 8712509 composite?
True
Is 37165991 a composite number?
True
Is 1764151 composite?
False
Is 40641787 a composite number?
True
Is 96885233 a prime number?
True
Is 4221517 composite?
True
Is 2424889 a composite number?
True
Is 1513011 prime?
False
Is 146576191 a prime number?
True
Is 1113701 composite?
False
Is 17685931 a composite number?
False
Is 24642011 a composite number?
False
Is 105137 prime?
True
Is 2058299 a prime number?
True
Is 85638389 a prime number?
True
Is 9443573 a prime number?
True
Is 58663453 a prime number?
True
Is 77256493 a prime number?
False
Is 23289583 prime?
False
Is 1941498439 a composite number?
False
Is 346478681 a prime number?
True
Is 38519686 composite?
True
Is 786931 a composite number?
False
Is 20811733 prime?
False
Is 167688127 a composite number?
False
Is 131132159 composite?
False
Is 2494507 a prime number?
True
Is 62619923 prime?
False
Is 147125585 composite?
True
Is 1195322413 composite?
True
Is 61044979 composite?
False
Is 616054729 prime?
True
Is 1056204085 a composite number?
True
Is 452437121 prime?
True
Is 603091 a composite number?
False
Is 73446871 a composite number?
False
Is 24121661 prime?
True
Is 432919 composite?
True
Is 1805819 a prime number?
True
Is 1348454 prime?
False
Is 30427 prime?
True
Is 100508909 a composite number?
True
Is 675299 prime?
True
Is 163601453 a composite number?
False
Is 9694309 composite?
False
Is 48046857 composite?
True
Is 180335231 prime?
False
Is 580663 composite?
False
Is 4556099 prime?
True
Is 1964801 prime?
True
Is 20310127 prime?
False
Is 3126353 composite?
False
Is 14398597 prime?
False
Is 257204827 composite?
True
Is 3815061 a composite number?
True
Is 60286397 composite?
True
Is 12568021 composite?
False
Is 22177171 composite?
True
Is 65555141 a prime number?
False
Is 1573331 composite?
True
Is 196035421 a composite number?
False
Is 25967849 prime?
True
Is 58622 composite?
True
Is 380927 a composite number?
True
Is 170771093 a prime number?
True
Is 1944017 prime?
False
Is 62518499 composite?
True
Is 34549837 a prime number?
False
Is 3389063 prime?
True
Is 315134617 prime?
False
Is 33944743 a composite number?
True
Is 1747943 a prime number?
False
Is 94801937 a prime number?
False
Is 1758709 composite?
False
Is 15823739 a composite number?
False
Is 2513179 prime?
True
Is 38645383 prime?
False
Is 22179853 a composite number?
False
Is 1660219417 prime?
True
Is 3022921 a composite number?
True
Is 119909 prime?
False
Is 28575119 a prime number?
True
Is 1104821 prime?
True
Is 21996571 a prime number?
True
Is 2723411 a composite number?
True
Is 9610519 prime?
False
Is 96343801 composite?
False
Is 25556507 composite?
False
Is 14485319 composite?
True
Is 17432383 a prime number?
True
Is 834048259 prime?
False
Is 148741267 a composite number?
True
Is 191296349 composite?
True
Is 327084779 a prime number?
False
Is 1122853 a composite number?
True
Is 52489499 prime?
False
Is 1476857 composite?
False
Is 15240749 a composite number?
False
Is 8351663 a composite number?
False
Is 262413841 a prime number?
True
Is 214896817 a prime number?
False
Is 1079609 a composite number?
False
Is 3302941 a prime number?
False
Is 1985707 composite?
True
Is 55545031 composite?
False
Is 163103 a prime number?
False
Is 15983549 a prime number?
True
Is 136149067 a prime number?
False
Is 1459379 prime?
False
Is 133290357 a prime number?
False
Is 83969737 a prime number?
True
Is 84790181 prime?
False
Is 13986013 a prime number?
True
Is 8709829 a prime number?
False
Is 352727 composite?
True
Is 53195609 a prime number?
True
Is 58331791 prime?
False
Is 513829 a composite number?
False
Is 239746387 composite?
True
Is 15090861 composite?
True
Is 10251601 a prime number?
False
Is 3517801 prime?
False
Is 5784087 a composite number?
True
Is 1612823 composite?
False
Is 580827011 a composite number?
False
Is 1622269871 a prime number?
True
Is 10550699 composite?
False
Is 1188149 a composite number?
False
Is 9033461 a composite number?
True
Is 235260877 a prime number?
True
Is 2691119 a prime number?
True
Is 99949079 prime?
False
Is 8169731 prime?
True
Is 93102721 composite?
True
Is 5838551 a prime number?
True
Is 86526907 composite?
True
Is 2723053 a composite number?
True
Is 141686089 composite?
True
Is 67975783 a composite number?
False
Is 35944367 a prime number?
True
Is 13610837 composite?
False
Is 174787 a composite number?
True
Is 301393 prime?
False
Is 4755923 a composite number?
False
Is 4438499 composite?
True
Is 2928883 a prime number?
False
Is 102979463 a prime number?
False
Is 77125781 a composite number?
False
Is 2624467 a prime number?
True
Is 2984819 a composite number?
True
Is 8049203 composite?
True
Is 37332761 a prime number?
True
Is 372739 composite?
False
Is 59953 prime?
False
Is 1490833 prime?
True
Is 384263213 a prime number?
True
Is 214690549 a prime number?
False
Is 15652151 composite?
False
Is 43944491 composite?
False
Is 1191927439 composite?
False
Is 2653249 a prime number?
True
Is 44762573 composite?
True
Is 439483 composite?
True
Is 22637243 a composite number?
False
Is 12798547 a prime number?
True
Is 100193413 a composite number?
True
Is 5978417 a prime number?
True
Is 11764471 composite?
False
Is 71867 prime?
True
Is 77651029 a prime number?
True
Is 943043 prime?
True
Is 108531781 a prime number?
False
Is 7089286 a prime number?
False
Is 477271426 prime?
False
Is 201394379 a prime number?
True
Is 97117919 a prime number?
False
Is 634001 prime?
False
Is 24624239 a composite number?
False
Is 30468355 composite?
True
Is 39260273 prime?
False
Is 4242703 a composite number?
